+ 16*p. Determine j(m).
0
Let m be 10*2/4 + -5. Suppose v + 5*w = -m*v + 18, 0 = -4*v - 3*w + 4. Let z(f) = -f**3 + f**3 - f**2 - f + f**3. Give z(v).
-10
Let d(i) = i**3 - 37*i**2 - 22*i - 15. Let s(v) = -19*v**2 - 11*v - 8. Let l(g) = -2*d(g) + 5*s(g). Calculate l(-10).
0
Suppose -3*m = 5*d + 22, 68 = -116*m + 112*m + 3*d. Let w(i) = i**2 + 15*i + 15. Give w(m).
1
Let o(c) = c**2 - 3*c - 3. Suppose -3*r - j + 17 = 0, 0 = 47*j - 45*j - 4. Determine o(r).
7
Let o(t) be the third derivative of t**6/120 + t**5/60 - t**4/24 + 2*t**3/3 - 14*t**2 - 1. Determine o(-2).
2
Let g(k) = k**3 - 11*k**2 + k - 7. Let i be g(11). Let x be (-2 + -8)*(-2)/i. Let m(o) = -o + 3*o - x + 8. Calculate m(-2).
-1
Let n(x) be the third derivative of -x**8/6720 - x**7/630 + x**6/80 + 7*x**5/120 - x**4 + 7*x**2. Let t(b) be the second derivative of n(b). Determine t(-6).
25
Let i be 5*((-5)/(-2) + 481/(-74)). Let k(n) = n + 18. What is k(i)?
-2
Let c(j) = 23 + 5*j - 12 - 12. Let h be 567/28 + 1/(-4). Let r = h + -18. Give c(r).
9
Let c(l) be the second derivative of 11*l**4/3 - l**3/3 + l**2/2 + 107*l. Calculate c(1).
43
Let t(u) = -u + 2. Let g(m) = m**3 - 7*m**2 + 2*m + 14. Let k be g(6). Let q be 310/50 - (-2)/k*1. Determine t(q).
-4
Suppose y = 3*x + 24, -3*x = -7*x - 8. Let s(f) = 3*f - 1 - 10*f**2 - 6*f**3 + y*f**2 - 4*f - 9*f**2. What is s(-1)?
5
Let m(q) be the second derivative of 0 - 1/20*q**5 - 7/6*q**3 + 5/2*q**2 + 5/12*q**4 - q. Let f(x) = x + 1. Let c be f(3). Give m(c).
-7
Let u = -22 - -16. Let q(d) = -4*d**2 - 27*d + 23*d + 3*d**2 + 8. Calculate q(u).
-4
Suppose -29 = o - 26. Let z be 12/2 + (o - -1). Let b(t) = 0*t + 3*t - 4 - t. Determine b(z).
4
Suppose 9*m + 5*m = 84. Let d(y) = 27*y**2 - 1 + m - 28*y**2. What is d(-5)?
-20
Let m(c) = -c**3 - 5*c**2 + 8*c + 3. Let f be 2*(-4)/((-8)/11). Let y(p) = -6*p**3 - 24*p**2 + 41*p + 15. Let n(a) = f*m(a) - 2*y(a). Give n(6).
3
Let b = -6 + 12. Let v(m) = 98 - 6*m - 34 - 63 + m**2. What is v(b)?
1
Let t(p) = 10*p + 128. Let s be t(-13). Let j(q) = -13*q + 1. Determine j(s).
27
Let o = 8 + -13. Let b(y) be the second derivative of -y**5/60 - 5*y**4/24 + y**3/2 + 7*y**2/2 - 11*y. Let r(z) be the first derivative of b(z). What is r(o)?
3
Let b(o) = -8*o**2 - 6*o + 17. Let y(c) = 17*c**2 + 12*c - 36. Let a(v) = -13*b(v) - 6*y(v). Let r be (-28)/6 - (-1)/(-3). Give a(r).
15
Suppose 0 = 5*d - 104 + 39. Suppose -t - d = -15. Let r(j) = -4*j - 2. Calculate r(t).
-10
Let p(t) = -5*t - 3. Let d be (-12)/((-36)/(-21)) - -3. Give p(d).
17
Let f(o) = -1. Suppose 3*i - 8*x = -4*x + 41, 3*x = -2*i + 16. Let q(v) = i + 0*v**2 - 3*v + v**2 - 5. Let y(s) = -5*f(s) - q(s). Calculate y(1).
1
Let w be ((-26)/8 - (-144)/192)/(-5). Let k(o) be the second derivative of 0 - 11/12*o**4 - w*o**2 - 4*o + 0*o**3. Give k(-1).
-12
Let x(r) = -25*r + 21*r - 21*r - 2. Let p(g) = -12*g - 1. Let d = 12 - 18. Let y(v) = d*x(v) + 13*p(v). Give y(-2).
11
Let r(u) = u**3 - 9*u**2 - u + 3. Let s(f) = f**3 - 11*f**2 - f + 3. Let l(b) = -6*r(b) + 5*s(b). Let h be (0/1)/(5 + -7). Determine l(h).
-3
Suppose -2*x - 7 = h - 15, -5*x = -h + 8. Let s(i) = -3*i + 22. Give s(h).
-2
Let w(b) be the third derivative of -b**7/1008 + b**6/720 + 11*b**5/60 - 38*b**2. Let z(j) be the third derivative of w(j). Give z(2).
-9
Let u = 28 - 4. Let g = 30 - u. Let n(r) = -r**3 + 5*r**2 + 3*r + 8. Give n(g).
-10
Suppose -y = -5*y - 24. Let q(x) = x**2 - 1. Let b(m) be the first derivative of -13*m**3/3 + m**2/2 + 6*m - 14. Let h(u) = y*q(u) - b(u). What is h(-1)?
8
Let z(i) = -4*i - 5. Let q(r) = 3*r + 3. Let c(y) = 7*q(y) + 5*z(y). Suppose -13 - 8 = -7*n. Give c(n).
-1
Let s(j) = 5*j + 7. Let q(d) = 9*d + 14. Let m(y) = 4*q(y) - 7*s(y). Let f(w) = -8 + 14*w - 11*w + 20. Let l be f(-6). Give m(l).
1
Suppose -29*v + 43*v = 112. Let n(g) be the first derivative of 3*g**2 + v + 1/3*g**3 + 0*g. Give n(-5).
-5
Let q(s) be the second derivative of s**4/12 - 3*s**3/2 + 4*s**2 + 92*s. Give q(8).
0
Let i(o) = -o**2 - 5*o. Let h(x) = -x**2 + 11*x + 74. Let j be h(16). Determine i(j).
-6
Let q(i) = 308 - 3*i - 302 - i**2 + 6*i - 25*i. Give q(-22).
6
Let g be (7 - 8)/(0 - -1). Let s(j) = 2*j**3 - j**2 + 7. Let n(c) = c**3 - 1. Let d(k) = 6*n(k) + s(k). What is d(g)?
-8
Suppose -3*t - 26 = -5*w, -t - w + 18 - 24 = 0. Let g(c) = -c**3 - 8*c**2 - 7*c - 8. Give g(t).
-8
Let f = -124 + 141. Suppose -19*p + f*p = 0. Let u(s) = -s**3 - s**2 - s - 4. What is u(p)?
-4
Suppose v + 3*v = 12. Let d(i) = i**2 + 4*i**2 - 5*i - 3*i**2 - v*i**2. Calculate d(-4).
4
Let f(k) = -2*k**3 + 2*k + 0*k**3 + k**3 + 6*k**2 - 6. Let t be (27/15)/((-6)/30). Let a = t - -15. Determine f(a).
6
Let j(d) = 10*d**2 + 15*d + d**2 - 7 + d**2 - 2*d**2. Let a(i) = -3*i**2 - 5*i + 2. Let b(y) = -7*a(y) - 2*j(y). Calculate b(-7).
14
Let m(y) = -4*y**3 - 5*y**2 + 19*y - 4. Let b(x) = 3*x**3 + 6*x**2 - 17*x + 4. Let l(i) = 5*b(i) + 4*m(i). Calculate l(9).
4
Let w(u) = 10*u - 153. Let a be w(16). Let z(f) = f**3 - 6*f**2 - 8*f - 10. What is z(a)?
-17
Let x = 378 - 388. Let i(y) = y**3 + 11*y**2 + 14*y + 34. Give i(x).
-6
Let x = 1 + 7. Let v(r) = x*r**2 - r - r**2 - 3 - 3 - 6*r**2. Calculate v(-5).
24
Let o(j) = j - 2. Let u = 19 + -13. Suppose 4 = u*x + 40. What is o(x)?
-8
Let k(v) = -2*v + 2. Let c be k(0). Suppose 4*u = 2*w - 18, c*u - 2*w + 19 = -3*w. Let z(f) = -f - 6. Determine z(u).
1
Let m be (-1)/((-11)/(-6) + -2). Suppose 0 = -5*z + 9 + 21. Let w(n) = -z + 2 + 2*n - 2 + 3. Give w(m).
9
Let d(w) = -w**3 + 7*w**2 - w - 3. Suppose -2*a + 62 = 5*v - 3*a, 0 = -3*v + 5*a + 24. Suppose -v - 1 = -2*j. Give d(j).
-10
Let s(l) = -l + 34. Let o(w) = 2*w + 65. Let g(v) = 2*o(v) - 5*s(v). Calculate g(5).
5
Let f(y) = -2*y**2 + 2*y + 3. Let m(q) = 10*q**2 + 2*q - 7. Let i(v) = -v**2 - v. Let n(u) = 6*i(u) + m(u). Let g(a) = 5*f(a) + 2*n(a). What is g(-2)?
-11
Let r(i) = -6*i - 2. Let b(p) = -p. Let n(o) = 16*b(o) - 3*r(o). Determine n(-8).
-10
Let b(t) = -t + 10. Let i be (432/(-240))/(3/(-20)). Determine b(i).
-2
Let l(m) be the second derivative of m**3/6 - 2*m**2 + 67*m. What is l(0)?
-4
Let t(x) = -2*x**2 - 36*x - 62. Let i(m) = m**2 + 18*m + 31. Let l(k) = -5*i(k) - 3*t(k). Let h be l(-16). Let b(g) = -7*g**2 - g. Determine b(h).
-6
Let j(s) = -3*s - 31. Let z(x) = -3*x**2 + 7*x - 9. Let l be z(0). Determine j(l).
-4
Let z(v) = -53*v**2 + 8*v + 7 + 52*v**2 - 9*v. Determine z(5).
-23
Let l be ((-6)/4)/((-14)/(840/9)). Let o(u) = -u + 14. Determine o(l).
4
Let f(u) = -10*u + 4*u + 4*u**2 + u**3 + 10*u - 1. Calculate f(-4).
-17
Let n be 2/8 + 390/104 - 14. Let f(w) = 2*w + 11. Give f(n).
-9
Suppose -6*k - 21 = 39. Let o(x) = -x**3 - 11*x**2 - 11*x - 9. Let s be o(k). Let q(c) = -9*c - 4. Let l(g) = -g - 1. Let y(u) = 5*l(u) - q(u). What is y(s)?
3
Let h(c) = -c**3 + 9*c**2 - 7*c + 7. Let b(k) = -3*k**3 + 26*k**2 - 19*k + 21. Let o(y) = -6*b(y) + 17*h(y). What is o(5)?
18
Let o(z) be the first derivative of -7*z**2/2 - 5*z + 14. Determine o(-5).
30
Suppose 3*h = 3*w + 15, w = -3*w - 5*h - 38. Let q(r) = -46 + 41 + 0*r - r - 2. Calculate q(w).
0
Let x be 15/(-6) - (-1)/(-2). Let p = 0 + x. Let o(w) be the first derivative of -w**2 - w - 39. Calculate o(p).
5
Let k(j) = -5*j + 34. Let i(l) = 4*l**2 - 16*l - 14. Let s be i(5). Calculate k(s).
4
Let w(f) = -f. Suppose 5*u - c + 29 = 0, 3*c = 2*u + 5*c + 14. Calculate w(u).
6
Let a(j) = j**3 - 8*j**2 + 7*j + 2. Let w be a(7). Let x(b) = -3 - 2*b - 6*b + 10*b + b**2. Determine x(w).
5
Let v(x) = 3*x - 6 - 2*x - 3*x + x. Determine v(-5).
-1
Let r(q) = 7*q**3 + 12*q**2 + q - 5. Let d(y) = 15*y**3 + 25*y**2 + 3*y - 11. Let w(n) = 6*d(n) - 13*r(n). Let m(p) = p**2 - p - 7. Let h be m(0). What is w(h)?
13
Let o(g) be the third derivative of g**4/24 - 7*g**3/2 - 219*g**2. Give o(7).
-14
Let l(j) = -3*j + 15. Let q(y) = -y + 5. Let t(s) = 4*l(s) - 11*q(s). Let i = 216 + -223. Calculate t(i).
12
Let m(f) = f**2 + 16*f + 54. Let h be m(-5). Let l(y) = -16*y**2 + 7*y + 7. Let k(o) = 24*o**2 - 11*o - 11. Let s(d) = 5*k(d) + 8*l(d). Determine s(h).
-8
Let o = 1 + -1. Let s(u) be the third derivative of 3/2*u**3 + 1/24*u**4 + 15*u**2 + 0 + 0*u. What is s(o)?
9
Let g = -100 + 155. Let k = g + -60. Let p(l) be the third derivative of l**4/12 + 2*l**2. What is p(k)?
-10
Let g(i) = i + 10. Let